{"id":2,"date":"2020-02-06T14:17:23","date_gmt":"2020-02-06T14:17:23","guid":{"rendered":"https:\/\/blende8-reinheim.de\/?page_id=2"},"modified":"2021-02-03T21:17:26","modified_gmt":"2021-02-03T21:17:26","slug":"jan-riedel-fotografie","status":"publish","type":"page","link":"https:\/\/blende8-reinheim.de\/","title":{"rendered":"Blende 8 ist nun Jan Riedel Fotografie"},"content":{"rendered":"\t\t<div data-elementor-type=\"wp-page\" data-elementor-id=\"2\" class=\"elementor elementor-2\">\n\t\t\t\t\t\t<section class=\"elementor-section elementor-top-section elementor-element elementor-element-54998d20 elementor-section-full_width elementor-section-height-full elementor-section-items-bottom elementor-section-height-default\" data-id=\"54998d20\" data-element_type=\"section\" data-e-type=\"section\" data-settings=\"{&quot;background_background&quot;:&quot;classic&quot;}\">\n\t\t\t\t\t\t<div class=\"elementor-container elementor-column-gap-default\">\n\t\t\t\t\t<div class=\"elementor-column elementor-col-33 elementor-top-column elementor-element elementor-element-9fcf490\" data-id=\"9fcf490\" data-element_type=\"column\" data-e-type=\"column\">\n\t\t\t<div class=\"elementor-widget-wrap\">\n\t\t\t\t\t\t\t<\/div>\n\t\t<\/div>\n\t\t\t\t<div class=\"elementor-column elementor-col-33 elementor-top-column elementor-element elementor-element-1fc77900\" data-id=\"1fc77900\" data-element_type=\"column\" data-e-type=\"column\" data-settings=\"{&quot;background_background&quot;:&quot;classic&quot;}\">\n\t\t\t<div class=\"elementor-widget-wrap elementor-element-populated\">\n\t\t\t\t\t\t<div class=\"elementor-element elementor-element-42c4c734 elementor-widget elementor-widget-text-editor\" data-id=\"42c4c734\" data-element_type=\"widget\" data-e-type=\"widget\" data-widget_type=\"text-editor.default\">\n\t\t\t\t<div class=\"elementor-widget-container\">\n\t\t\t\t\t\t\t\t\t<p><\/p>\n<p>Lieber Besucher,<\/p>\n<p>seit Januar 2020 findest Du am Ort der ehemaligen &#8222;Blende 8&#8220; unser komplett neu gestaltetes Fotostudio &#8222;Jan Riedel Fotografie&#8220;.<\/p>\n<p>Zu unserem Portfolio geh\u00f6ren unter anderem Pass- und Bewerbungsbilder, Familienfotos, Hochzeitsreportagen und\u00a0 Produktfotografie, au\u00dferdem hochwertige Bilderrahmen nach Ma\u00df und wir halten regelm\u00e4\u00dfig Fotokurse.<\/p>\n<p>Weitere Informationen auf unserer Webseite: <a href=\"https:\/\/www.jan-riedel.de\">www.jan-riedel.de<\/a><\/p>\n<p>Herzliche Gr\u00fc\u00dfe!<\/p>\n<p>Jan, Mona (und Henri)<\/p>\n<p>\u00a0<\/p>\n<p>Telefon Studio: 06162 \/ 91 98 958<\/p>\n<p>\u00a0<\/p>\n<p><\/p>\t\t\t\t\t\t\t\t<\/div>\n\t\t\t\t<\/div>\n\t\t\t\t\t<\/div>\n\t\t<\/div>\n\t\t\t\t<div class=\"elementor-column elementor-col-33 elementor-top-column elementor-element elementor-element-029b0de\" data-id=\"029b0de\" data-element_type=\"column\" data-e-type=\"column\">\n\t\t\t<div class=\"elementor-widget-wrap\">\n\t\t\t\t\t\t\t<\/div>\n\t\t<\/div>\n\t\t\t\t\t<\/div>\n\t\t<\/section>\n\t\t\t\t<\/div>\n\t\t","protected":false},"excerpt":{"rendered":"<p>Lieber Besucher, seit Januar 2020 findest Du am Ort der ehemaligen &#8222;Blende 8&#8220; unser komplett neu gestaltetes Fotostudio &#8222;Jan Riedel Fotografie&#8220;. Zu unserem Portfolio geh\u00f6ren unter anderem Pass- und Bewerbungsbilder, Familienfotos, Hochzeitsreportagen und\u00a0 Produktfotografie, au\u00dferdem hochwertige Bilderrahmen nach Ma\u00df und wir halten regelm\u00e4\u00dfig Fotokurse. Weitere Informationen auf unserer Webseite: www.jan-riedel.de Herzliche Gr\u00fc\u00dfe! Jan, Mona (und [&hellip;]<\/p>\n","protected":false},"author":1,"featured_media":0,"parent":0,"menu_order":0,"comment_status":"closed","ping_status":"closed","template":"elementor_canvas","meta":{"footnotes":""},"class_list":["post-2","page","type-page","status-publish","hentry"],"_links":{"self":[{"href":"https:\/\/blende8-reinheim.de\/index.php?rest_route=\/wp\/v2\/pages\/2","targetHints":{"allow":["GET"]}}],"collection":[{"href":"https:\/\/blende8-reinheim.de\/index.php?rest_route=\/wp\/v2\/pages"}],"about":[{"href":"https:\/\/blende8-reinheim.de\/index.php?rest_route=\/wp\/v2\/types\/page"}],"author":[{"embeddable":true,"href":"https:\/\/blende8-reinheim.de\/index.php?rest_route=\/wp\/v2\/users\/1"}],"replies":[{"embeddable":true,"href":"https:\/\/blende8-reinheim.de\/index.php?rest_route=%2Fwp%2Fv2%2Fcomments&post=2"}],"version-history":[{"count":13,"href":"https:\/\/blende8-reinheim.de\/index.php?rest_route=\/wp\/v2\/pages\/2\/revisions"}],"predecessor-version":[{"id":35,"href":"https:\/\/blende8-reinheim.de\/index.php?rest_route=\/wp\/v2\/pages\/2\/revisions\/35"}],"wp:attachment":[{"href":"https:\/\/blende8-reinheim.de\/index.php?rest_route=%2Fwp%2Fv2%2Fmedia&parent=2"}],"curies":[{"name":"wp","href":"https:\/\/api.w.org\/{rel}","templated":true}]}}